ed by 6637?
2123
Calculate the remainder when 600592 is divided by 195.
187
Calculate the remainder when 27082368 is divided by 113.
110
What is the remainder when 477647 is divided by 47759?
57
Calculate the remainder when 73493 is divided by 1701.
350
Calculate the remainder when 235602 is divided by 4057.
296
Calculate the remainder when 27582045 is divided by 2224.
2221
What is the remainder when 910310 is divided by 570?
20
Calculate the remainder when 18556787 is divided by 136.
131
Calculate the remainder when 330171 is divided by 17375.
46
Calculate the remainder when 339135 is divided by 473.
467
What is the remainder when 7155529 is divided by 1153?
11
Calculate the remainder when 11826740 is divided by 5576.
44
Calculate the remainder when 11197645 is divided by 1.
0
What is the remainder when 97077 is divided by 192?
117
What is the remainder when 1319031 is divided by 1775?
206
What is the remainder when 67678 is divided by 7664?
6366
Calculate the remainder when 4308531 is divided by 2859.
18
Calculate the remainder when 57074501 is divided by 1676.
1673
Calculate the remainder when 1140415 is divided by 214.
9
What is the remainder when 138917 is divided by 1528?
1397
What is the remainder when 529677 is divided by 926?
5
Calculate the remainder when 3625036 is divided by 1381.
1292
What is the remainder when 122642 is divided by 12658?
8720
Calculate the remainder when 210783 is divided by 112.
111
What is the remainder when 9053309 is divided by 305?
299
Calculate the remainder when 34210 is divided by 11170.
700
Calculate the remainder when 71175501 is divided by 76.
57
What is the remainder when 494318 is divided by 1621?
1534
What is the remainder when 1852799 is divided by 231598?
15
What is the remainder when 1652928 is divided by 57?
42
Calculate the remainder when 39210 is divided by 6492.
258
What is the remainder when 65011662 is divided by 14282?
14280
What is the remainder when 8740145 is divided by 270?
245
What is the remainder when 78984 is divided by 4521?
2127
Calculate the remainder when 45114271 is divided by 1212.
1207
What is the remainder when 11453146 is divided by 157?
153
Calculate the remainder when 36110 is divided by 3988.
218
Calculate the remainder when 1048125 is divided by 381.
375
Calculate the remainder when 15149034 is divided by 940.
934
Calculate the remainder when 1066169 is divided by 1390.
39
What is the remainder when 1279701053 is divided by 83?
81
Calculate the remainder when 114028 is divided by 54625.
4778
What is the remainder when 887199 is divided by 443174?
851
Calculate the remainder when 82300554 is divided by 4257.
4230
What is the remainder when 180339 is divided by 6921?
393
Calculate the remainder when 2662502 is divided by 532415.
427
What is the remainder when 2446884 is divided by 1628?
0
Calculate the remainder when 780584 is divided by 1470.
14
What is the remainder when 44140129 is divided by 404955?
34
What is the remainder when 80860 is divided by 26919?
103
What is the remainder when 45890 is divided by 237?
149
What is the remainder when 2134513 is divided by 22690?
1653
Calculate the remainder when 52104 is divided by 117.
39
What is the remainder when 89623 is divided by 1299?
1291
What is the remainder when 1467922 is divided by 133447?
5
What is the remainder when 291320 is divided by 48511?
254
What is the remainder when 411965 is divided by 58751?
708
What is the remainder when 587455 is divided by 1978?
1967
Calculate the remainder when 13776345 is divided by 4977.
9
Calculate the remainder when 2674803 is divided by 10.
3
Calculate the remainder when 13836267 is divided by 73.
66
Calculate the remainder when 107014 is divided by 2803.
500
What is the remainder when 222390348 is divided by 1323752?
12
Calculate the remainder when 14123752 is divided by 18.
16
What is the remainder when 99378 is divided by 278?
132
Calculate the remainder when 1049422 is divided by 792.
22
What is the remainder when 20771972 is divided by 3234?
3224
Calculate the remainder when 28757 is divided by 127.
55
What is the remainder when 236287 is divided by 12435?
22
Calculate the remainder when 696737 is divided by 4495.
12
Calculate the remainder when 17465 is divided by 5806.
47
What is the remainder when 65856 is divided by 21920?
96
Calculate the remainder when 528517 is divided by 4332.
13
Calculate the remainder when 63241 is divided by 682.
497
What is the remainder when 333647 is divided by 652?
475
What is the remainder when 61929810 is divided by 5160817?
6
Calculate the remainder when 10238209 is divided by 1607.
12
Calculate the remainder when 54275380 is divided by 9045895.
10
Calculate the remainder when 1620998 is divided by 8762.
28
Calculate the remainder when 43378431 is divided by 10844584.
95
Calculate the remainder when 353448 is divided by 1698.
264
Calculate the remainder when 68814 is divided by 3497.
2371
What is the remainder when 2805171 is divided by 701258?
139
What is the remainder when 289169 is divided by 47?
25
What is the remainder when 3353325 is divided by 1676643?
39
What is the remainder when 174331 is divided by 21771?
163
What is the remainder when 57214 is divided by 2012?
878
Calculate the remainder when 291532 is divided by 4436.
3192
What is the remainder when 705971 is divided by 8?
3
Calculate the remainder when 41281365 is divided by 8.
5
Calculate the remainder when 807378 is divided by 403672.
34
What is the remainder when 5375407 is divided by 1796?
1775
What is the remainder when 155053769 is divided by 17?
16
Calculate the remainder when 7677014 is divided by 2558999.
17
Calculate the remainder when 894165 is divided by 1272.
1221
What is the remainder when 4401574 is divided by 1467182?
28
Calculate the remainder when 41594280 is divided by 611680.
40
What is the remainder when 226448 is divided by 1286?
112
Calculate the remainder when 10229743 is divided by 963.
757
What is the remainder when 11956341 is divided by 291618?
3
What is the remainder when 480739 is divided by 159316?
2791
What is the remainder when 216600219 is divided by 4377?
4374
What is the remainder when 28734568 is divided by 37?
35
Calculate the remainder when 2259212 is divided by 132884.
184
What is the remainder when 2722909 is divided by 272290?
9
What is the remainder when 336489 is divided by 181?
10
What is the remainder when 19012288 is divided by 68?
32
Calculate the remainder when 281525 is divided by 7408.
21
Calculate the remainder when 994422 is divided by 22599.
66
Calculate the remainder when 728238 is divided by 613.
607
What is the remainder when 14123437 is divided by 1171?
6
What is the remainder when 178870 is divided by 25545?
55
Calculate the remainder when 6061696 is divided by 33124.
4
Calculate the remainder when 531830 is divided by 531820.
10
What is the remainder when 966220 is divided by 7?
3
Calculate the remainder when 84302369 is divided by 2878.
2871
What is the remainder when 1612689 is divided by 1485?
1464
Calculate the remainder when 251241 is divided by 2886.
159
Calculate the remainder when 8083968 is divided by 659.
15
What is the remainder when 2303088 is divided by 263?
260
Calculate the remainder when 26571073 is divided by 4416.
1
Calculate the remainder when 17566438 is divided by 85.
83
Calculate the remainder when 639951 is divided by 474.
51
What is the remainder when 968133 is divided by 14237?
17
Calculate the remainder when 1137669 is divided by 1137608.
61
Calculate the remainder when 4172139 is divided by 4172080.
59
Calculate the remainder when 10379451 is divided by 149.
111
What is the remainder when 135386 is divided by 157?
52
Calculate the remainder when 4601 is divided by 4176.
425
What is the remainder when 6319684 is divided by 2589?
2524
Calculate the remainder when 2585611 is divided by 12026.
21
What is the remainder when 519158 is divided by 47195?
13
Calculate the remainder when 765104 is divided by 85009.
23
Calculate the remainder when 390656743 is divided by 130218910.
13
What is the remainder when 8428453 is divided by 306?
295
What is the remainder when 14388427 is divided by 16369?
76
Calculate the remainder when 532351 is divided by 450.
1
What is the remainder when 5929383 is 